-1146832?
1146838
In base 10, what is 184452 + 299?
184751
In base 7, what is 1411 + -162113?
-160402
In base 12, what is -5 + b24306?
b24301
In base 15, what is 16 + -21ba582?
-21ba56b
In base 4, what is -2130 + 3110020303?
3110012113
In base 8, what is -1 - -6473507?
6473506
In base 15, what is 1d - 445c84c?
-445c82e
In base 6, what is 10151 - 355?
5352
In base 14, what is 5997 + 388?
5d41
In base 7, what is -131116 - -64?
-131022
In base 6, what is 3101212331 - 25?
3101212302
In base 9, what is -57 + -4617621?
-4617678
In base 14, what is -16aa + 482?
-1228
In base 10, what is 349129 + -6?
349123
In base 6, what is 4101 - -5034?
13135
In base 10, what is -3101804 - 6?
-3101810
In base 10, what is 64791053 + 2?
64791055
In base 10, what is 62 + -745376?
-745314
In base 9, what is 1113 + -2575?
-1462
In base 10, what is -45 + -207594?
-207639
In base 12, what is -8b - -134469?
13439a
In base 15, what is -20 - -a9ec1?
a9ea1
In base 9, what is -231 - -306608?
306367
In base 2, what is -110 - -101100011111101101011?
101100011111101100101
In base 4, what is -101033212023 - -11?
-101033212012
In base 13, what is 5 - b02a8?
-b02a3
In base 10, what is 1 + 7714932?
7714933
In base 2, what is 1001111001010110111011101001 + 0?
1001111001010110111011101001
In base 3, what is 202220002122111 - -12?
202220002122200
In base 10, what is -3 - -16566770?
16566767
In base 4, what is -2 - -22003130031302?
22003130031300
In base 8, what is -1361223 - 2176?
-1363421
In base 7, what is -2421045504 - 4?
-2421045511
In base 8, what is 303725 - -705?
304632
In base 15, what is 1885b55 - -a?
1885b60
In base 7, what is 2014306435 + -4?
2014306431
In base 4, what is 102 + 231223333?
231230101
In base 11, what is -a - -18667a1?
1866792
In base 10, what is -2 + -1691681?
-1691683
In base 10, what is 14225250 - 7?
14225243
In base 3, what is 11 + 1111210202?
1111210220
In base 10, what is 170 - 81609?
-81439
In base 4, what is 21001013331 + -21?
21001013310
In base 7, what is -42 + 231240?
231165
In base 9, what is -20208710 + -3?
-20208713
In base 11, what is 2732 + 730?
3362
In base 13, what is -11679a + b?
-11678c
In base 8, what is 153210 + -1065?
152123
In base 3, what is 12212212022 + -11101021?
12201111001
In base 16, what is 9 + -1b96d6?
-1b96cd
In base 7, what is 1666 + 406516?
411515
In base 4, what is 120232203 + -13102?
120213101
In base 11, what is -184a05 - -48?
-184968
In base 6, what is -4 - 112133203?
-112133211
In base 3, what is -101022210 + 20011212?
-11010221
In base 14, what is -28565 - -2362?
-26203
In base 3, what is 2000 + 12022220120?
12022222120
In base 6, what is -122003455 + -30?
-122003525
In base 12, what is -2 - 316b65?
-316b67
In base 7, what is 13 - 2424312?
-2424266
In base 11, what is a5383368 - -4?
a5383371
In base 11, what is 1 - -41a16409?
41a1640a
In base 10, what is 7182810 - 3?
7182807
In base 14, what is -100 + 256140?
256040
In base 14, what is -1a - 431125?
-431141
In base 4, what is 12 - -110020123303?
110020123321
In base 15, what is 1620730 - 1?
162072e
In base 5, what is -21 - -1210223204?
1210223133
In base 16, what is fa3afd + -2?
fa3afb
In base 14, what is 45d2784 - -1?
45d2785
In base 13, what is -4958 - -31c?
-4639
In base 16, what is -34bbb - 38?
-34bf3
In base 14, what is 83b9c - -12?
83bb0
In base 13, what is 2a3a079 + -5?
2a3a074
In base 3, what is 1202022 + -111121120?
-102212021
In base 14, what is 497698b + 8?
4976995
In base 8, what is 3265421 - -23?
3265444
In base 6, what is -101550055 - -143?
-101545512
In base 16, what is 2 + -cb504c?
-cb504a
In base 12, what is -28 - 63046a?
-630496
In base 8, what is 150744 + -12756?
135766
In base 14, what is -224dc + 288?
-22254
In base 8, what is -36025533 - 1?
-36025534
In base 3, what is 202102201001 + 101?
202102201102
In base 14, what is 317d - 1ab3?
14aa
In base 7, what is -25 - -5354302?
5354244
In base 8, what is -3175 + -5043?
-10240
In base 16, what is -7c1 + 8ee3?
8722
In base 15, what is e5 + -49a3?
-48ad
In base 5, what is -1441300 - 1340?
-1443140
In base 11, what is 319355 + 0?
319355
In base 15, what is 5 + -590956?
-590951
In base 3, what is 22111221122 + -112?
22111221010
In base 7, what is 254 + -16256214?
-16255630
In base 3, what is 20222001202 - 10020?
20221221112
In base 13, what is 1420a566 + -4?
1420a562
In base 11, what is -36722 - -38?
-36695
In base 4, what is -231133210121 + -30?
-231133210211
In base 2, what is -1100110110010111101101100 + -100?
-1100110110010111101110000
In base 3, what is -22222 + -220211021220?
-220211121212
In base 9, what is 1 + 33741817?
33741818
In base 11, what is 12060 + 3a90?
16040
In base 15, what is -141966 + 3?
-141963
In base 16, what is 83f5aa1 - -5?
83f5aa6
In base 6, what is 3042 - 1114312?
-1111230
In base 16, what is -5 + -9491bf?
-9491c4
In base 8, what is 3 + 47130446?
47130451
In base 16, what is -2ad77 - 673?
-2b3ea
In base 5, what is -421442212 - 14?
-421442231
In base 3, what is 10201 + 12102001110?
12102012011
In base 16, what is 337 - 44ac?
-4175
In base 6, what is 12 + 1014145405?
1014145421
In base 12, what is 47b96 + -a?
47b88
In base 12, what is -3 - -1080079?
1080076
In base 16, what is -4 + 24fef1?
24feed
In base 3, what is -11 + 2001201201211?
2001201201200
In base 2, what is -100110111101110 + 1110011010001111?
1001100010100001
In base 7, what is 10235166363 + -5?
10235166355
In base 2, what is -10000 - 1001001001100001011011?
-1001001001100001101011
In base 15, what is 2 - 178703?
-178701
In base 14, what is cd2a51 - -1?
cd2a52
In base 8, what is -1625353 + -301?
-1625654
In base 13, what is -419c90 + 6?
-419c87
In base 16, what is f + -d1b31?
-d1b22
In base 11, what is 5 - -1a4a7a2a?
1a4a7a34
In base 3, what is -12 + 1201120021021100?
1201120021021011
In base 12, what is 11a017 - 13?
11a004
In base 8, what is -7477 - -214?
-7263
In base 16, what is -2237474 + -1?
-2237475
In base 4, what is -2113211130 + -221200?
-2120032330
In base 14, what is -1bcc54 - 3?
-1bcc57
In base 8, what is -2 - -14470655?
14470653
In base 10, what is 5 - 109133326?
-109133321
In base 7, what is -34246 - -3350?
-30566
In base 14, what is 16d - -1482?
1611
In base 6, what is 124321030 - 41?
124320545
In base 15, what is 10d59dd - 1d?
10d59c0
In base 16, what is -30f67e - 79?
-30f6f7
In base 4, what is 10012220100 - -2012?
10012222112
In base 2, what is 1010111101001001 + -1000000010100?
1001111100110101
In base 3, what is 100102112101212 - -210?
100102112102122
In base 2, what is 11111 + -101001111000010110?
-101001110111110111
In base 5, what is -4403 + 1220030?
1210122
In base 16, what is -2 - -3a8882?
3a8880
In base 8, what is 1 - -13161135?
13161136
In base 12, what is 1 + -16a281a2?
-16a281a1
In base 13, what is 3 + 946003?
946006
In base 12, what is -19 + 75491?
75474
In base 5, what is -202 + -43134342?
-43140044
In base 5, what is 24332031104 - 3?
24332031101
In base 13, what is 4 + -150b5cb?
-150b5c7
In base 4, what is -2 + -100220221021?
-100220221023
In base 6, what is 241 + 110433244?
110433525
In base 10, what is -118 + -21803?
-21921
In base 2, what is 0 - -1111010100110100100011100?
1111010100110100100011100
In base 15, what is 106 + -52aa?
-51a4
In base 14, what is 14c5 - 1a0?
1325
In base 7, what is 440454 - -14643?
455430
In base 6, what is -4121 + -1031113?
-1035234
In base 8, what is 6 - 55752313?
-55752305
In base 3, what is -2222201 + -2112120201?
-2122120102
In base 4, what is -31 - 12112010303?
-12112011000
In base 9, what is 2301 + 23767?
26168
In base 9, what is -6027 - -11408?
4371
In base 15, what is -1bca2 - 7b?
-1bd2d
In base 2, what is -101 + -100011110110001011000?
-100011110110001011101
In base 15, what is -9e9147 + -4?
-9e914b
In base 8, what is -104335153 + 20?
-104335133
In base 2, what is 100101110101001111000011101 + 10000?
100101110101001111000101101
In base 3, what is 110212011001001 + -11?
110212011000220
In base 14, what is -b7a2 - -235?
-b56b
In base 6, what is -14 + 115253444?
115253430
In base 2, what is 111001000 - -100110111100101?
100111110101101
In base 6, what is 2342 + 24550015?
24552401
In base 9, what is 160552233 + 5?
160552238
In base 11, what is -38 + 8070566?
8070529
In base 13, what is -179b7 + 1c3?
-177c4
In base 2, what is 1001111 - 1100111111001?
-